mon divisor of 2261 and 2213604.
17
Calculate the greatest common factor of 388316 and 171020.
2012
What is the highest common divisor of 9907950 and 1097850?
1950
What is the highest common divisor of 55 and 440313720?
55
Calculate the greatest common factor of 39015774 and 63.
63
Calculate the highest common factor of 91120 and 1655120.
1360
What is the highest common factor of 21846 and 140316?
66
What is the greatest common divisor of 1988460 and 12240?
180
Calculate the highest common factor of 344085 and 50025.
435
Calculate the highest common factor of 101717 and 3003.
77
What is the highest common divisor of 379926405 and 2133?
711
Calculate the greatest common factor of 44858840 and 2248.
2248
What is the highest common factor of 339879 and 6953?
409
Calculate the highest common divisor of 145 and 1143095.
5
What is the highest common factor of 63 and 11959533?
9
What is the greatest common divisor of 406060144 and 21?
7
Calculate the greatest common factor of 1628316 and 1488.
12
Calculate the greatest common factor of 198570 and 2290.
10
Calculate the highest common factor of 5979530 and 1437050.
7010
What is the highest common factor of 62946 and 31184094?
1614
What is the greatest common divisor of 139666736 and 16?
16
What is the highest common factor of 52580 and 18348?
44
Calculate the greatest common divisor of 45232 and 93104.
176
What is the greatest common divisor of 236751015 and 615?
615
What is the highest common factor of 666306 and 7938?
162
Calculate the highest common divisor of 116012 and 134927.
1261
Calculate the greatest common divisor of 1765721872 and 5728.
2864
What is the greatest common divisor of 25839 and 123508?
11
What is the highest common factor of 65046 and 33602412?
1758
What is the greatest common divisor of 11012 and 5156?
4
Calculate the highest common factor of 36 and 87151221.
9
What is the highest common factor of 4950132 and 17028?
132
What is the highest common divisor of 21414921 and 2706?
33
Calculate the greatest common factor of 12360 and 65784.
24
What is the highest common factor of 144937542 and 6896?
862
What is the greatest common divisor of 191301 and 1112837?
2057
Calculate the greatest common divisor of 419685 and 51509910.
8565
What is the greatest common factor of 1263 and 22377?
3
What is the greatest common factor of 2639875 and 167659?
431
Calculate the greatest common divisor of 17484 and 738624693.
4371
Calculate the greatest common divisor of 268107717 and 36588.
9147
Calculate the greatest common factor of 66 and 50197895.
11
Calculate the greatest common factor of 12778157 and 133.
7
Calculate the greatest common factor of 2636176 and 1952.
976
What is the highest common divisor of 900352 and 3844081?
3517
Calculate the highest common factor of 29938349 and 5810.
581
What is the highest common factor of 746 and 2166?
2
What is the highest common factor of 503037 and 81189?
837
What is the greatest common divisor of 705 and 467340270?
705
Calculate the highest common divisor of 113317 and 6994311.
2411
What is the highest common divisor of 3930430 and 4?
2
Calculate the highest common divisor of 500 and 6424800.
100
Calculate the greatest common divisor of 10199 and 269062733.
1457
What is the greatest common divisor of 465 and 772815?
15
Calculate the greatest common factor of 3350 and 1288300.
50
What is the greatest common divisor of 3052 and 55069?
7
What is the highest common divisor of 5508 and 167315139?
1377
What is the highest common factor of 266 and 10001904?
38
What is the greatest common divisor of 63519462 and 198?
18
What is the highest common divisor of 6 and 227100954?
6
Calculate the greatest common divisor of 4928415 and 4029.
237
What is the highest common factor of 101 and 363487284?
101
Calculate the highest common factor of 36947648 and 1024.
64
What is the greatest common divisor of 578159 and 723?
241
What is the greatest common factor of 17858720 and 792?
88
What is the greatest common divisor of 26 and 15545998?
26
What is the greatest common factor of 136 and 114501800?
136
What is the greatest common factor of 59 and 395851237?
59
Calculate the greatest common factor of 4567720 and 320.
40
Calculate the greatest common factor of 408 and 26945112.
24
Calculate the greatest common divisor of 243384 and 6084.
12
What is the greatest common divisor of 4587 and 30294?
33
What is the greatest common divisor of 2086614 and 22083?
51
Calculate the highest common factor of 195837732 and 5796.
828
Calculate the highest common divisor of 18 and 4395246.
6
Calculate the greatest common divisor of 8960295 and 15.
15
What is the greatest common divisor of 76797 and 111905419?
1219
What is the greatest common divisor of 6344 and 1469624?
104
What is the highest common factor of 4898040 and 54264?
2856
What is the greatest common factor of 3608194 and 46?
46
What is the highest common divisor of 109516 and 29722066?
2882
What is the highest common factor of 146287 and 139780?
241
Calculate the greatest common divisor of 17 and 220690651.
17
What is the highest common divisor of 5351890 and 752?
94
Calculate the highest common factor of 20902360 and 520.
40
What is the greatest common factor of 11471958 and 9422?
1346
What is the greatest common factor of 158956525 and 2275?
2275
Calculate the greatest common factor of 80220 and 79265.
955
What is the greatest common factor of 486834 and 253312?
3958
What is the highest common divisor of 5535 and 944480715?
615
Calculate the highest common divisor of 7207359 and 2064.
129
What is the highest common divisor of 20912 and 1961776?
16
Calculate the highest common divisor of 3045915 and 2034.
1017
Calculate the highest common factor of 980 and 126051765.
245
What is the highest common factor of 10681744 and 116?
116
What is the highest common divisor of 970 and 46227775?
485
What is the highest common factor of 5230071 and 1540?
77
Calculate the greatest common factor of 143325051 and 1464.
183
What is the greatest common divisor of 5020680 and 282940?
6020
Calculate the highest common factor of 429654 and 214118.
1418
What is the greatest common divisor of 746878554 and 6964?
3482
What is the greatest common divisor of 22740019 and 14059?
827
Calculate the highest common divisor of 150676 and 162908.
556
What is the highest common factor of 135 and 2292921?
27
What is the greatest common factor of 560 and 113393210?
70
What is the greatest common factor of 158534816 and 352?
352
What is the greatest common factor of 115590 and 54480?
30
What is the greatest common divisor of 41766586 and 238?
34
What is the greatest common factor of 9241870 and 2420?
110
What is the greatest common divisor of 256 and 5652800?
64
Calculate the greatest common factor of 1406704 and 1768.
104
Calculate the greatest common factor of 16364848 and 1825.
73
Calculate the highest common divisor of 428104 and 9628712.
7256
Calculate the greatest common divisor of 164189432 and 440.
88
What is the highest common divisor of 5802 and 901984722?
5802
What is the greatest common divisor of 2392 and 84526936?
104
Calculate the highest common factor of 23985416 and 689.
13
What is the greatest common divisor of 4676475 and 300?
75
Calculate the greatest common divisor of 2014463 and 6487.
499
Calculate the greatest common factor of 6810834 and 606.
606
What is the highest common divisor of 2 and 501506?
2
Calculate the greatest common factor of 57348906 and 366.
366
What is the greatest common divisor of 18858873 and 8349?
759
Calculate the greatest common divisor of 3 and 392840907.
3
What is the highest common factor of 1850 and 2400850?
50
What is the highest common factor of 6409038 and 3198?
246
Calculate the highest common divisor of 308038 and 1247.
29
What is the highest common divisor of 32081 and 12488?
7
Calculate the greatest common factor of 1745111632 and 704.
176
Calculate the greatest common divisor of 530 and 2837600.
10
Calculate the greatest common divisor of 55245444 and 1734.
102
Calculate the greatest common factor of 2904 and 49962.
66
Calculate the greatest common divisor of 72 and 13725840.
24
What is the highest common factor of 2238565 and 539?
49
What is the greatest common divisor of 88709 and 191859?
2063
Calcul